ime factors of s?
2, 3, 7
Let j(z) = -2150*z - 1133. What are the prime factors of j(-7)?
3, 4639
Let i(t) = 818*t**2 - 163*t - 489. List the prime factors of i(-3).
2, 3, 409
Suppose 19*v + 11*v - 330450 = 0. List the prime factors of v.
5, 2203
Suppose a = 4*z + 176 - 206, -2*a = 4*z - 36. Let f(k) = -3*k**2 - 6*k + 4*k**2 + k. List the prime factors of f(z).
2, 3
Suppose -15948 + 43525 = -23*d. Let a = -475 - d. What are the prime factors of a?
2, 181
Suppose 5*g + w - 33700 = 0, 3*g + 3*w = 21285 - 1053. What are the prime factors of g?
23, 293
Let a = -426 + 428. List the prime factors of 1386 - a/6*-9.
3, 463
Let d(n) = 11*n**2 + 139*n + 73. List the prime factors of d(17).
5, 1123
What are the prime factors of (33978/(-18))/((-70)/360)?
2, 3, 809
Let z(b) be the second derivative of 21*b**3 - 49*b**2 + 77*b - 1. List the prime factors of z(9).
2, 7, 37
Suppose -4*i + 6 = 4*j - 18, 4*j = 5*i - 39. Let n(g) = g**2 - 7*g - 4. Let q be n(i). What are the prime factors of -4 - q/(2/(-92)*-1)?
2, 3, 5
Let a(x) be the third derivative of x**6/120 - x**5/15 - 13*x**4/24 - 8*x**3/3 - 90*x**2 - 1. List the prime factors of a(12).
2, 5, 7
Let n(y) be the third derivative of y**6/120 + 3*y**5/20 - 3*y**4/8 + 5*y**3/2 + 1550*y**2. Let m = 2 - 12. List the prime factors of n(m).
5
Let w(g) = 92*g**2 + 123*g + 54. What are the prime factors of w(17)?
59, 487
Suppose 0 = 262*h - 8448527 - 2006583. List the prime factors of h.
5, 23, 347
Let n be ((-20)/12)/((-4)/24). Let o be 6/((45/n)/3). Suppose -o*i = -6 - 262. List the prime factors of i.
67
Let s = 23652 + 6900. What are the prime factors of s?
2, 3, 19, 67
Suppose 24236 = a - 26*a + 412386. List the prime factors of a.
2, 7, 1109
Let o = 384 + -376. Suppose -o*l + 793 = q - 3*l, 5*l - 1601 = -2*q. List the prime factors of q.
2, 101
Suppose 5*q - 33 = -3*k, -2*k + 0*q + 9 = -q. Suppose 395 + 109 = k*c. Suppose 30 = o - c. What are the prime factors of o?
2, 3, 19
Suppose u - 3*u + 6 = 0. Suppose 20 = -5*q, 3*j - 4*q - 118 = 2*j. Suppose -4*a = 3*v - a - j, -u*a = 15. What are the prime factors of v?
3, 13
Let w(q) = -6*q - 45. Let s be w(-14). Suppose 3*o - s = -3*k, -12 + 2 = -5*o. Suppose -3*n - k = -v, 4*v - 3*n - 64 = -n. What are the prime factors of v?
17
Suppose 98*y + 84*y = -20*y + 2060804. What are the prime factors of y?
2, 5101
Let n(f) = 10*f**2 - 5*f + 181. What are the prime factors of n(-70)?
49531
Suppose 101*y - g + 1089 = 103*y, -y = 4*g - 548. List the prime factors of y.
2, 17
Let i(c) = 10*c - 36. Let z(n) = n**2 - 13*n + 46. Let o be z(5). Let r be i(o). What are the prime factors of r*-9*(-5)/15?
2, 3
Let u(p) = -4*p + 2. Let c be u(-1). Let b be c/(-57) - (-1522)/19. List the prime factors of 2/8 - (-3660)/b.
2, 23
Let f be ((-4)/(6/(-3)))/((-12)/(-24)). Let a be 12/(f/6 + 319/(-492)). Let s = a + -435. What are the prime factors of s?
13, 17
Let u = -3143 + 27130. List the prime factors of u.
17, 83
Suppose -95541*q - 2821272 = -95587*q. What are the prime factors of q?
2, 3, 19, 269
Suppose 9 = -5*z + 19. Suppose 2*l = -z*j, j = -3*l + 2*j + 20. Suppose 559 = l*g - 0*o - o, 3*o = g - 123. List the prime factors of g.
3, 37
Suppose 147840 = 5107*m - 5086*m. List the prime factors of m.
2, 5, 11
Suppose 88*p = 96*p + 504. Let k = p + 680. What are the prime factors of k?
617
Suppose 37010 = 4*t + a, -4*t = 3*a - 40075 + 3069. List the prime factors of t.
19, 487
Let f = 69 - 129. List the prime factors of (-1417)/(-4) + 15/f.
2, 3, 59
Suppose 17*p - 414 = 334. Suppose -10*u = p*u - 30024. List the prime factors of u.
2, 139
Let i = 107799 + -54385. List the prime factors of i.
2, 17, 1571
Let b(u) = u**3 - 6*u**2 + 7*u - 9. Let c = 25 + -32. Let g be (1 - 3)*(c - -4). List the prime factors of b(g).
3, 11
Let u(g) = 4*g**3 - 3*g**2 + 16*g - 14. Let y(z) = -z**2 + 1. Let v(x) = u(x) + 6*y(x). What are the prime factors of v(7)?
3, 5, 23
Suppose -3*i - 4*x + x = -411, 3*i + 4*x = 413. Let v be 32/10*56855/332. Suppose 4*c - w = 3*c + i, 2*w = 4*c - v. What are the prime factors of c?
139
Suppose -7*j - 16 = -3*j, 4*y - 5*j - 28 = 0. Suppose 5*x = -y*s + 118, -130 = -s - s + x. Suppose -z + 185 = -s. What are the prime factors of z?
3, 83
Let y be -8 + (-1)/(3*(-4)/(-24)). Let m be (-25)/10*(-12)/y. What are the prime factors of ((-84)/(-15))/(m + (-31)/(-10))?
2, 7
Let b(m) = -2405*m - 231. What are the prime factors of b(-3)?
2, 3, 97
List the prime factors of (9 + (-5646)/6)*(-2180)/40.
2, 109, 233
Let n(w) = -8*w + 3 - 11*w**2 + 5*w**3 + 3*w - 3*w**3. Let h be n(6). Suppose -h*t + 8*t + 26 = 0. What are the prime factors of t?
2, 13
Let y = 160 + -89. Suppose y*a = 70*a. Suppose -5*k - 2*k + 574 = a. What are the prime factors of k?
2, 41
Let z(q) = -16*q + 82. Let c be z(6). What are the prime factors of (c + -278)*(-18)/4?
2, 3, 73
Let a(t) = -51*t + 268. Let s be a(-31). Let u = 16 - 6. Suppose u*k = s - 109. What are the prime factors of k?
2, 3, 29
Suppose 2*k + 3*m - 12149 = 38432, -3*k - 3*m = -75870. List the prime factors of k.
11, 19
Suppose -c + 5*z = -24042, 33*z - 120282 = -5*c + 34*z. List the prime factors of c.
3, 11
Suppose -376*t + 12684288 = 8*t. List the prime factors of t.
2, 4129
Let h be (34/(-4) - 2)*(-6)/9. Suppose -3*l = -7*l - h*l. Suppose u - 36 - 63 = l. What are the prime factors of u?
3, 11
What are the prime factors of 79063/5 - (-25 - 1476/(-60))?
3, 7, 251
Let w(h) be the third derivative of -11*h**4/6 - 28*h**3/3 - 43*h**2. List the prime factors of w(-11).
2, 107
Suppose -107097 - 137807 = -22*g. What are the prime factors of g?
2, 11, 23
Let i be 1*14*177/(-6). Let y = 636 + 73. Let w = y + i. What are the prime factors of w?
2, 37
List the prime factors of (-3)/((-6)/26)*((-13984)/4)/(-19).
2, 13, 23
Suppose 27071 = 3*q - 4*r, -4*r - 5332 = -5300. What are the prime factors of q?
9013
Suppose -4*i = 6*c - 240828, -4*c + 6*c - 3*i = 80263. List the prime factors of c.
2, 29, 173
Suppose -19*l + 30703 = -6*l - 221523. List the prime factors of l.
2, 89, 109
Let h be (-1)/(((-18)/72441)/((-2)/(-3))). Suppose 0*x - h = -4*x + 5*p, -10 = -2*p. List the prime factors of x.
677
Let u be (-90)/8 + 2/8. Let t(f) = 13*f - 24. Let h(a) = -63*a + 118. Let l(s) = 4*h(s) + 19*t(s). List the prime factors of l(u).
71
Suppose 2*c - d - 430 = 8, -3*d = -3*c + 657. Suppose -y + 870 = 4*o - c, o = -y + 1104. List the prime factors of y.
1109
Let x = 18605 - -30614. List the prime factors of x.
83, 593
Suppose -4*q = 4*h - 1149 - 1631, -q = 3*h - 705. Suppose -3*a = -2*u - 523, 4*a - 2*u + 3*u - q = 0. What are the prime factors of a?
173
Suppose 26*m - 203392 = 88120. List the prime factors of m.
2, 2803
Suppose 5*g - b = 23, 19 = 2*g - 2*b + 5. Suppose 0 = 5*d + g*w - 5422, 4*d - 2*w - 3*w = 4313. What are the prime factors of d?
2, 541
Suppose -30*u + 800 = -10*u. Suppose u*t = -10685 + 63725. List the prime factors of t.
2, 3, 13, 17
Let s = 8481 - 8315. Let n(h) = 6*h - 2. Let r be n(3). Suppose -r*u + s = -14*u. List the prime factors of u.
83
Let l(o) = 6*o + 13. Let y be l(-3). What are the prime factors of ((-96)/y)/(12/200)?
2, 5
Suppose -280*i = -286*i + 24. Suppose 3*l = 2*q - 813, -i*q + l = 3*l - 1650. What are the prime factors of q?
3, 137
Let t(z) = z**2 + 14*z + 9. Let u be t(-13). Let d(c) = -214*c + 5. Let g be d(u). Suppose n + g = 8*n. List the prime factors of n.
3, 41
Suppose -p - 1845 = -4*s, 5*s = p + 1612 + 236. Let z = p + 3425. What are the prime factors of z?
2, 199
Let t = -2853 - -4393. List the prime factors of t.
2, 5, 7, 11
Let w = -68 + 48. Let q(k) = 20*k + 627. Let r be q(-32). Let y = r - w. List the prime factors of y.
7
Let a(q) = -q**2 - 2*q + 145. Let m be a(0). Let x = -55 + m. What are the prime factors of x/(-25)*50/(-3)?
2, 3, 5
Suppose -6*y + 7 + 5 = 0. Let l = -2 + y. What are the prime factors of l + 0 + (-20*3)/(-2)?
2, 3, 5
Suppose 8 = m + 4. Let p be 3*m/(-21) - (-66)/(-7). List the prime factors of 344/p*(-5)/(-10)*-5.
2, 43
Let a be ((-12)/14)/(90/(-2835)). Let m(b) = 2894*b. Let v be m(1). What are the prime factors of v/18 + 6/a?
7, 23
Let z(s) = -49*s + 63. Let j be z(-3). List the prime factors of 972/7 - 180/j.
2, 3, 23
Let m(a) = 25*a - a**2 - a - 6*a + 8. What are the prime factors of m(